 Suppose 3*b - 5*b = -152. Suppose c*q = 6*q - b. Calculate the remainder when q is divided by 7.
5
Suppose -7*s - 27 = -2*j - 2*s, -12 = 4*s. Let x = 8 - j. What is the remainder when 25 is divided by (x/6)/((-1)/(-39))?
12
Suppose -4*l + 9*l = 180. Calculate the remainder when 103 is divided by l.
31
Suppose -y + 2*y + 23 = 0. Let c = -7 - y. Let q(h) = h**3 + 4*h**2 - 6*h + 4. What is the remainder when c is divided by q(-5)?
7
Let n = -91 + 118. What is the remainder when 134 is divided by n?
26
Suppose 0 = 4*x - 16, 4*o - 8 = 5*x + 68. Calculate the remainder when 66 is divided by o.
18
Suppose -16 = u - 31. Suppose d - 60 = 4*w - 0*w, 5*w = -d + 24. Calculate the remainder when d is divided by u.
14
Let w(s) = 2*s**2 + 10*s + 5. Let y be w(-7). Let q = y + 2. What is the remainder when q is divided by 12?
11
Suppose -2*h = 2*c - 42, 105 = 5*h - 0*c + 4*c. Let k = 17 - 5. What is the remainder when h is divided by (4/k)/(1/33)?
10
Suppose 0*d - d - 174 = -2*o, o + 5*d - 109 = 0. Calculate the remainder when o is divided by 18.
17
Suppose -2*c = -4*c + 46. Calculate the remainder when 45 is divided by c.
22
Let h be (3/9)/(3/72). Suppose -5*a + h*a = 21. What is the remainder when a is divided by 4?
3
Let p = 37 - 20. Let c = 71 - 6. Calculate the remainder when c is divided by p.
14
Let a = 504 + -455. Suppose 4*s = 3*s + 13. Calculate the remainder when a is divided by s.
10
What is the remainder when 20 is divided by -3*(16/(-6) + -1)?
9
Let f = 16 + 24. Calculate the remainder when f is divided by 11.
7
Suppose -6*o + 227 = -31. What is the remainder when 128 is divided by o?
42
Let w be 4 + 0 + (-1)/1. Suppose w*v = v + 36. Calculate the remainder when v is divided by 10.
8
Suppose 43 = l - 5*t + t, 3 = 3*t. Suppose 4*p - 112 = -3*p. Calculate the remainder when l is divided by p.
15
Suppose b - 2*j - 13 = 0, -j + 25 = 4*j. What is the remainder when b is divided by 8?
7
Let v(w) = -w**2 - 5*w + 7. Suppose 2*y - 5*c + 6 = -y, 0 = 4*y + 4*c + 8. Let i = 14 + y. What is the remainder when i is divided by v(-5)?
5
Suppose 0 = 54*i - 50*i - 36. What is the remainder when i is divided by 4?
1
Let u(n) = -8*n - 43. Calculate the remainder when u(-9) is divided by 50/4*(-8)/(-10).
9
Suppose -4*a + d + 66 = -0*d, -2 = d. Let f = 2 - 0. Suppose 4*v + f*i = -0*v + 188, 5*i - 102 = -2*v. What is the remainder when v is divided by a?
14
Suppose 0 = 2*n - 3*k - 9, -4*n - 3*k + 14 = -49. Calculate the remainder when 38 is divided by n.
2
Suppose 5*m + 2*o - 153 = 0, 2*m + o = -0*m + 62. Calculate the remainder when m is divided by 10.
9
Let b = 24 - 17. Let h = b + -1. What is the remainder when 16 is divided by h?
4
Let t(d) = d**2 - 8*d + 2. Let u be t(8). Suppose 0 = u*m - 3*m. Let a = 5 - m. Calculate the remainder when 14 is divided by a.
4
Let q(l) = 21*l**3 + 2*l**2 - 2*l. Calculate the remainder when q(1) is divided by 8.
5
Let x(t) = -2*t - 6. What is the remainder when 9 is divided by x(-5)?
1
Suppose 2*u = -o + 49, 2*o - 5*u + 11 = 73. Suppose 0 = 3*q - 2*q - 2*z - 7, 0 = 3*q - z - o. Calculate the remainder when q is divided by 4.
3
Let q(s) = 7*s**2 - 11*s - 5. Let r(l) = l**2 - l. Let z(i) = -q(i) + 6*r(i). What is the remainder when 44/3 + 4/(-6) is divided by z(5)?
4
Suppose 2*i + 26 = 2*l, -l + 25 = -4*i + 7*i. What is the remainder when 79 is divided by l?
15
Suppose -4*z + 42 = 6. What is the remainder when 16 is divided by z?
7
Suppose 12 = 3*g, 22 = -5*p + 2*g - 26. Calculate the remainder when 46 is divided by 9/(-2)*p/3.
10
Let b(l) = l**3 - 4*l**2 + l. Let y be b(3). Calculate the remainder when (1 - y)*1/1 is divided by (-4)/(-6) + (-10)/(-3).
3
Suppose 0 = 3*c - 3*i - 186, 3*c + i - 118 = c. What is the remainder when c is divided by 21?
18
Suppose 0 = -3*x - 2*x - 15. Calculate the remainder when (-1)/2*(-165 - x) is divided by 28.
25
Suppose -2*q + 5*p + 4 = 0, 3*p = -4*q + 9 + 25. Let c(t) = -t**2 + 10*t - 1. Calculate the remainder when 77 is divided by c(q).
17
Let d = -61 - -68. Calculate the remainder when d is divided by 2.
1
Let u(v) = 3*v - 2. Let y be u(12). Suppose -r + 28 = -n, -r + 4*n = n - y. Calculate the remainder when 97 is divided by r.
22
Suppose 0 = -5*d + 18 + 17. Let q = 5 + 14. What is the remainder when q is divided by d?
5
Suppose -3*n - 78 + 351 = 0. Suppose 4*k - 246 = 2*g, k - 4*g + 33 = n. Suppose 0*y + 2*y = k. What is the remainder when y is divided by 11?
9
Let d = -5 + 12. Suppose -v - 4*v = j - 21, 3*j - 3 = 0. What is the remainder when d is divided by v?
3
Let i(b) = 27*b - 1. Suppose -4*h + 89 = 33. What is the remainder when i(1) is divided by h?
12
Let i(h) = 2*h**3 - h**3 - h**2 + 5 - 4 + 12*h**3. Calculate the remainder when 24 is divided by i(1).
11
Let q(y) = -y + 7. Let r(k) = k**3 + 4*k**2 + 3*k. Let d be r(-3). Suppose l - 8 - 5 = d. Calculate the remainder when l is divided by q(0).
6
Let m(f) be the first derivative of 5*f**2/2 + 5*f + 2. Let d be m(5). Let q = -19 + d. What is the remainder when 21 is divided by q?
10
Calculate the remainder when 88 is divided by 2/((40/36)/5).
7
Suppose -8*y = -5*y - 150. Let g = 43 - 26. Calculate the remainder when y is divided by g.
16
Let b(o) = o**3 - 3 + 10 - 19*o + 4*o + 6*o**2 - 20*o**2. Calculate the remainder when b(15) is divided by 5.
2
Let t = 3 + -3. Suppose -3*u = -t*u - 18. Calculate the remainder when 17 is divided by u.
5
Suppose -2*q + 106 = 4*f, -5*q - 143 = -5*f - 18. Calculate the remainder when 75 is divided by f.
23
Let q = -15 - -9. Let t(x) = -4 + 3 - 4*x + 4. Calculate the remainder when t(q) is divided by 14.
13
Let s be 14*(6 + 2 + -2). Suppose 0 = 5*w - x - 126, x = -4*w + 6*x + s. Calculate the remainder when w is divided by 10.
6
Suppose 4*v = m + 2*m + 142, 0 = -5*v + 5*m + 180. Suppose 5*o = -3*d + v, -4*d + 7 = 2*o - 1. What is the remainder when 1 + 12 + 4/2 is divided by o?
7
Suppose -4*m = m + 20, 0 = 5*n + 2*m + 3. Let t(h) = -h**3 + 7*h**2 - 7*h + 4. Let v be t(6). Let z = n - v. What is the remainder when z is divided by 2?
1
Suppose 13 = 2*n - 1. Let a = 9 - n. Suppose 0 = 2*p - 3*p - m + 37, a*m = p - 22. Calculate the remainder when p is divided by 11.
10
Suppose -1 = g + i, 3*g = 2*g - 4*i - 1. Calculate the remainder when 48/(1 + g/(-2)) is divided by 11.
10
Let j(l) = l**2 - 2*l - 3. What is the remainder when j(4) is divided by ((-2)/(-4))/(1/6)?
2
What is the remainder when 79 is divided by 28/(-6)*(-5 - (-6 + 4))?
9
Let a(h) = 2 - 6*h + 0 - 6 + 3. Calculate the remainder when a(-4) is divided by (0 - 2)*(-5 - -1).
7
Let k(p) be the second derivative of -p**4/12 + p**3/6 + 19*p**2/2 + p. Suppose -t + 1 = -35. Calculate the remainder when t is divided by k(0).
17
Suppose -5*h = -h - 8. Suppose -2*s - 4*p - h = 0, 5*s - 2*p = 2*p + 37. Suppose -3 + 18 = s*o. What is the remainder when 5 is divided by o?
2
Suppose l = 3*r + 5, 5*l = -3*r - 10 + 53. Suppose y = 3*y - l. Let q(a) = -2*a. What is the remainder when q(-5) is divided by y?
2
Let c(l) = -2*l**2 - 16*l + 4. Calculate the remainder when 80 is divided by c(-6).
24
Suppose 11*b = 10*b + 5*i + 67, -127 = -2*b + 3*i. What is the remainder when b is divided by 27?
8
Suppose -43 = -5*y + 2*r, 5*y - 23 = -3*r - 0*r. What is the remainder when 20 is divided by y?
6
Suppose c = -2*c. Suppose -o - 2 + 16 = c. What is the remainder when o is divided by 5?
4
Let p(q) = -4*q - 15. Suppose 6 = f + 1. Calculate the remainder when p(-7) is divided by f.
3
Calculate the remainder when (((-168)/(-70))/((-2)/(-125)))/2 is divided by 20.
15
Suppose -3*f - 34 = -4*f. Suppose f = -0*g + g. What is the remainder when g is divided by 12?
10
Let x(s) = -2*s**3 - 5*s**2 - 3*s + 4. What is the remainder when 2*43 + -1 - -1 is divided by x(-3)?
20
Let f = 365 - 255. What is the remainder when f is divided by 37?
36
Suppose 4*m - 95 = -s, 3*m - 31 = 4*s + 64. Calculate the remainder when 73 is divided by m.
23
Calculate the remainder when (-7 - -7) + 154/2 is divided by 13.
12
Let x = 0 + 4. Suppose x*h - 39 = 21. Calculate the remainder when 28 is divided by h.
13
Suppose -2*b = -2*l - 8, 2*l - 37 = -4*b + 3. What is the remainder when 38 is divided by b?
6
Let k(m) = -4*m**3 - 2*m**2 + 1. Let t = -55 - -59. What is the remainder when t is divided by k(-1)?